{"id":3695,"date":"2022-03-22T14:37:35","date_gmt":"2022-03-22T14:37:35","guid":{"rendered":"https:\/\/esdeveniments.formentera.es\/?post_type=tribe_events&#038;p=3695"},"modified":"2022-03-30T13:55:53","modified_gmt":"2022-03-30T11:55:53","slug":"formentera-fotografica","status":"publish","type":"tribe_events","link":"https:\/\/esdeveniments.formentera.es\/es\/agenda\/formentera-fotografica\/","title":{"rendered":"Formentera Fotogr\u00e0fica"},"content":{"rendered":"<p><strong>Este a\u00f1o se celebra la 10\u00aa edici\u00f3n del festival Formentera Fotogr\u00e0fica del 26 al 29 de mayo 2022 en Formentera.<\/strong><\/p>\n<p>Antes de proceder al pago, recuerda que debes rellenar el <strong><a href=\"https:\/\/www.formenterafotografica.com\/es\/inscripciones\/\">formulario de inscripci\u00f3n<\/a><\/strong> del organizador para indicar las diferentes actividades y talleres a los que acudir\u00e1s.<\/p>\n<p><img loading=\"lazy\" decoding=\"async\" class=\"alignnone wp-image-4061 size-large\" src=\"https:\/\/esdeveniments.formentera.es\/wp-content\/uploads\/2022\/03\/DSCF5523santialba-1024x768.jpg\" alt=\"\" width=\"1024\" height=\"768\" srcset=\"https:\/\/esdeveniments.formentera.es\/wp-content\/uploads\/2022\/03\/DSCF5523santialba-1024x768.jpg 1024w, https:\/\/esdeveniments.formentera.es\/wp-content\/uploads\/2022\/03\/DSCF5523santialba-300x225.jpg 300w, https:\/\/esdeveniments.formentera.es\/wp-content\/uploads\/2022\/03\/DSCF5523santialba-768x576.jpg 768w, https:\/\/esdeveniments.formentera.es\/wp-content\/uploads\/2022\/03\/DSCF5523santialba-1536x1152.jpg 1536w, https:\/\/esdeveniments.formentera.es\/wp-content\/uploads\/2022\/03\/DSCF5523santialba-2048x1536.jpg 2048w, https:\/\/esdeveniments.formentera.es\/wp-content\/uploads\/2022\/03\/DSCF5523santialba-600x450.jpg 600w\" sizes=\"auto, (max-width: 1024px) 100vw, 1024px\" \/><\/p>\n<h6><em><span style=\"color: #cb4545;\">* El importe de la inscripci\u00f3n solo se devolver\u00e1 en caso de fuerza mayor debidamente justificado junto con el respectivo<br \/>\njustificante de pago. Para solicitar la devoluci\u00f3n contactar a trav\u00e9s del email <\/span><a href=\"mailto:turisme@formentera.es\"><span style=\"color: #cb4545;\">turisme@formentera.es<\/span><\/a><\/em><\/h6>\n","protected":false},"excerpt":{"rendered":"<p>Con s\u00f3lo dos ingredientes: FOTOGRAF\u00cdA + FORMENTERA, m\u00e9zclalos bien, a\u00f1ade un poco de hielo y lim\u00f3n y podr\u00e1s obtener un c\u00f3ctel maravilloso esta primavera. Ven a celebrar con nosotros el d\u00e9cimo aniversario del Festival!<\/p>\n","protected":false},"author":1,"featured_media":4058,"comment_status":"open","ping_status":"closed","template":"","meta":{"_price":"","_stock":"","_tribe_ticket_header":"","_tribe_default_ticket_provider":"Tribe__Tickets_Plus__Commerce__WooCommerce__Main","_tribe_ticket_capacity":"100","_ticket_start_date":"","_ticket_end_date":"","_tribe_ticket_show_description":"","_tribe_ticket_show_not_going":false,"_tribe_ticket_use_global_stock":"1","_tribe_ticket_global_stock_level":"91","_global_stock_mode":"","_global_stock_cap":"","_tribe_rsvp_for_event":"","_tribe_ticket_going_count":"","_tribe_ticket_not_going_count":"","_tribe_tickets_list":"[{\"id\":3697,\"type\":\"default\",\"title\":\"Formentera Fotogr\\u00e0fica - General\",\"description\":\"\",\"capacityType\":\"global\",\"price\":325,\"capacity\":100,\"available\":91,\"sharedCapacity\":100,\"sold\":4,\"shareSold\":4,\"isShared\":true,\"currencyDecimalPoint\":\",\",\"currencyNumberOfDecimals\":2,\"currencyPosition\":\"prefix\",\"currencySymbol\":\"$\",\"currencyThousandsSep\":\".\"},{\"id\":3698,\"type\":\"default\",\"title\":\"Formentera Fotogr\\u00e0fica - Residentes en Formentera\",\"description\":\"Precio especial para los residentes en Formentera.\\r\\nEs imprescindible presentar certificado de empadronamiento.\\r\\n\\r\\n\",\"capacityType\":\"global\",\"price\":165,\"capacity\":100,\"available\":91,\"sharedCapacity\":100,\"sold\":1,\"shareSold\":1,\"isShared\":true,\"currencyDecimalPoint\":\",\",\"currencyNumberOfDecimals\":2,\"currencyPosition\":\"prefix\",\"currencySymbol\":\"$\",\"currencyThousandsSep\":\".\"},{\"id\":3699,\"type\":\"default\",\"title\":\"Formentera Fotogr\\u00e0fica - Estudiantes o profesores de fotograf\\u00eda acreditados\",\"description\":\"\",\"capacityType\":\"global\",\"price\":250,\"capacity\":100,\"available\":91,\"sharedCapacity\":100,\"sold\":2,\"shareSold\":2,\"isShared\":true,\"currencyDecimalPoint\":\",\",\"currencyNumberOfDecimals\":2,\"currencyPosition\":\"prefix\",\"currencySymbol\":\"$\",\"currencyThousandsSep\":\".\"},{\"id\":3700,\"type\":\"default\",\"title\":\"Formentera Fotogr\\u00e0fica - Entrada sin talleres\",\"description\":\"\",\"capacityType\":\"global\",\"price\":225,\"capacity\":100,\"available\":91,\"sharedCapacity\":100,\"sold\":2,\"shareSold\":2,\"isShared\":true,\"currencyDecimalPoint\":\",\",\"currencyNumberOfDecimals\":2,\"currencyPosition\":\"prefix\",\"currencySymbol\":\"$\",\"currencyThousandsSep\":\".\"}]","_tribe_ticket_has_attendee_info_fields":false,"_tribe_events_status":"","_tribe_events_status_reason":"","_tribe_events_is_hybrid":"","_tribe_events_is_virtual":"","_tribe_events_virtual_video_source":"","_tribe_events_virtual_embed_video":"","_tribe_events_virtual_linked_button_text":"","_tribe_events_virtual_linked_button":"","_tribe_events_virtual_show_embed_at":"","_tribe_events_virtual_show_embed_to":[],"_tribe_events_virtual_show_on_event":"","_tribe_events_virtual_show_on_views":"","_tribe_events_virtual_url":"","footnotes":""},"tags":[],"tribe_events_cat":[],"class_list":["post-3695","tribe_events","type-tribe_events","status-publish","has-post-thumbnail"],"yoast_head":"<!-- This site is optimized with the Yoast SEO plugin v23.4 - https:\/\/yoast.com\/wordpress\/plugins\/seo\/ -->\n<title>Formentera Fotogr\u00e0fica - Formentera Events<\/title>\n<meta name=\"robots\" content=\"index, follow, max-snippet:-1, max-image-preview:large, max-video-preview:-1\" \/>\n<link rel=\"canonical\" href=\"https:\/\/esdeveniments.formentera.es\/es\/agenda\/formentera-fotografica\/\" \/>\n<meta property=\"og:locale\" content=\"es_ES\" \/>\n<meta property=\"og:type\" content=\"article\" \/>\n<meta property=\"og:title\" content=\"Formentera Fotogr\u00e0fica - Formentera Events\" \/>\n<meta property=\"og:description\" content=\"Con s\u00f3lo dos ingredientes: FOTOGRAF\u00cdA + FORMENTERA, m\u00e9zclalos bien, a\u00f1ade un poco de hielo y lim\u00f3n y podr\u00e1s obtener un c\u00f3ctel maravilloso esta primavera. Ven a celebrar con nosotros el d\u00e9cimo aniversario del Festival!\" \/>\n<meta property=\"og:url\" content=\"https:\/\/esdeveniments.formentera.es\/es\/agenda\/formentera-fotografica\/\" \/>\n<meta property=\"og:site_name\" content=\"Formentera Events\" \/>\n<meta property=\"article:modified_time\" content=\"2022-03-30T11:55:53+00:00\" \/>\n<meta property=\"og:image\" content=\"https:\/\/esdeveniments.formentera.es\/wp-content\/uploads\/2022\/03\/formenterafoto.png\" \/>\n\t<meta property=\"og:image:width\" content=\"500\" \/>\n\t<meta property=\"og:image:height\" content=\"300\" \/>\n\t<meta property=\"og:image:type\" content=\"image\/png\" \/>\n<meta name=\"twitter:card\" content=\"summary_large_image\" \/>\n<meta name=\"twitter:label1\" content=\"Tiempo de lectura\" \/>\n\t<meta name=\"twitter:data1\" content=\"1 minuto\" \/>\n<script type=\"application\/ld+json\" class=\"yoast-schema-graph\">{\"@context\":\"https:\/\/schema.org\",\"@graph\":[{\"@type\":\"WebPage\",\"@id\":\"https:\/\/esdeveniments.formentera.es\/es\/agenda\/formentera-fotografica\/\",\"url\":\"https:\/\/esdeveniments.formentera.es\/es\/agenda\/formentera-fotografica\/\",\"name\":\"Formentera Fotogr\u00e0fica - Formentera Events\",\"isPartOf\":{\"@id\":\"https:\/\/esdeveniments.formentera.es\/#website\"},\"primaryImageOfPage\":{\"@id\":\"https:\/\/esdeveniments.formentera.es\/es\/agenda\/formentera-fotografica\/#primaryimage\"},\"image\":{\"@id\":\"https:\/\/esdeveniments.formentera.es\/es\/agenda\/formentera-fotografica\/#primaryimage\"},\"thumbnailUrl\":\"https:\/\/esdeveniments.formentera.es\/wp-content\/uploads\/2022\/03\/formenterafoto.png\",\"datePublished\":\"2022-03-22T14:37:35+00:00\",\"dateModified\":\"2022-03-30T11:55:53+00:00\",\"breadcrumb\":{\"@id\":\"https:\/\/esdeveniments.formentera.es\/es\/agenda\/formentera-fotografica\/#breadcrumb\"},\"inLanguage\":\"es\",\"potentialAction\":[{\"@type\":\"ReadAction\",\"target\":[\"https:\/\/esdeveniments.formentera.es\/es\/agenda\/formentera-fotografica\/\"]}]},{\"@type\":\"ImageObject\",\"inLanguage\":\"es\",\"@id\":\"https:\/\/esdeveniments.formentera.es\/es\/agenda\/formentera-fotografica\/#primaryimage\",\"url\":\"https:\/\/esdeveniments.formentera.es\/wp-content\/uploads\/2022\/03\/formenterafoto.png\",\"contentUrl\":\"https:\/\/esdeveniments.formentera.es\/wp-content\/uploads\/2022\/03\/formenterafoto.png\",\"width\":500,\"height\":300},{\"@type\":\"BreadcrumbList\",\"@id\":\"https:\/\/esdeveniments.formentera.es\/es\/agenda\/formentera-fotografica\/#breadcrumb\",\"itemListElement\":[{\"@type\":\"ListItem\",\"position\":1,\"name\":\"Portada\",\"item\":\"https:\/\/esdeveniments.formentera.es\/\"},{\"@type\":\"ListItem\",\"position\":2,\"name\":\"Formentera Fotogr\u00e0fica\"}]},{\"@type\":\"WebSite\",\"@id\":\"https:\/\/esdeveniments.formentera.es\/#website\",\"url\":\"https:\/\/esdeveniments.formentera.es\/\",\"name\":\"Formentera Events\",\"description\":\"Eventos\",\"potentialAction\":[{\"@type\":\"SearchAction\",\"target\":{\"@type\":\"EntryPoint\",\"urlTemplate\":\"https:\/\/esdeveniments.formentera.es\/?s={search_term_string}\"},\"query-input\":{\"@type\":\"PropertyValueSpecification\",\"valueRequired\":true,\"valueName\":\"search_term_string\"}}],\"inLanguage\":\"es\"}]}<\/script>\n<!-- \/ Yoast SEO plugin. -->","yoast_head_json":{"title":"Formentera Fotogr\u00e0fica - Formentera Events","robots":{"index":"index","follow":"follow","max-snippet":"max-snippet:-1","max-image-preview":"max-image-preview:large","max-video-preview":"max-video-preview:-1"},"canonical":"https:\/\/esdeveniments.formentera.es\/es\/agenda\/formentera-fotografica\/","og_locale":"es_ES","og_type":"article","og_title":"Formentera Fotogr\u00e0fica - Formentera Events","og_description":"Con s\u00f3lo dos ingredientes: FOTOGRAF\u00cdA + FORMENTERA, m\u00e9zclalos bien, a\u00f1ade un poco de hielo y lim\u00f3n y podr\u00e1s obtener un c\u00f3ctel maravilloso esta primavera. Ven a celebrar con nosotros el d\u00e9cimo aniversario del Festival!","og_url":"https:\/\/esdeveniments.formentera.es\/es\/agenda\/formentera-fotografica\/","og_site_name":"Formentera Events","article_modified_time":"2022-03-30T11:55:53+00:00","og_image":[{"width":500,"height":300,"url":"https:\/\/esdeveniments.formentera.es\/wp-content\/uploads\/2022\/03\/formenterafoto.png","type":"image\/png"}],"twitter_card":"summary_large_image","twitter_misc":{"Tiempo de lectura":"1 minuto"},"schema":{"@context":"https:\/\/schema.org","@graph":[{"@type":"WebPage","@id":"https:\/\/esdeveniments.formentera.es\/es\/agenda\/formentera-fotografica\/","url":"https:\/\/esdeveniments.formentera.es\/es\/agenda\/formentera-fotografica\/","name":"Formentera Fotogr\u00e0fica - Formentera Events","isPartOf":{"@id":"https:\/\/esdeveniments.formentera.es\/#website"},"primaryImageOfPage":{"@id":"https:\/\/esdeveniments.formentera.es\/es\/agenda\/formentera-fotografica\/#primaryimage"},"image":{"@id":"https:\/\/esdeveniments.formentera.es\/es\/agenda\/formentera-fotografica\/#primaryimage"},"thumbnailUrl":"https:\/\/esdeveniments.formentera.es\/wp-content\/uploads\/2022\/03\/formenterafoto.png","datePublished":"2022-03-22T14:37:35+00:00","dateModified":"2022-03-30T11:55:53+00:00","breadcrumb":{"@id":"https:\/\/esdeveniments.formentera.es\/es\/agenda\/formentera-fotografica\/#breadcrumb"},"inLanguage":"es","potentialAction":[{"@type":"ReadAction","target":["https:\/\/esdeveniments.formentera.es\/es\/agenda\/formentera-fotografica\/"]}]},{"@type":"ImageObject","inLanguage":"es","@id":"https:\/\/esdeveniments.formentera.es\/es\/agenda\/formentera-fotografica\/#primaryimage","url":"https:\/\/esdeveniments.formentera.es\/wp-content\/uploads\/2022\/03\/formenterafoto.png","contentUrl":"https:\/\/esdeveniments.formentera.es\/wp-content\/uploads\/2022\/03\/formenterafoto.png","width":500,"height":300},{"@type":"BreadcrumbList","@id":"https:\/\/esdeveniments.formentera.es\/es\/agenda\/formentera-fotografica\/#breadcrumb","itemListElement":[{"@type":"ListItem","position":1,"name":"Portada","item":"https:\/\/esdeveniments.formentera.es\/"},{"@type":"ListItem","position":2,"name":"Formentera Fotogr\u00e0fica"}]},{"@type":"WebSite","@id":"https:\/\/esdeveniments.formentera.es\/#website","url":"https:\/\/esdeveniments.formentera.es\/","name":"Formentera Events","description":"Eventos","potentialAction":[{"@type":"SearchAction","target":{"@type":"EntryPoint","urlTemplate":"https:\/\/esdeveniments.formentera.es\/?s={search_term_string}"},"query-input":{"@type":"PropertyValueSpecification","valueRequired":true,"valueName":"search_term_string"}}],"inLanguage":"es"}]}},"ticketed":["woo"],"_links":{"self":[{"href":"https:\/\/esdeveniments.formentera.es\/es\/wp-json\/wp\/v2\/tribe_events\/3695","targetHints":{"allow":["GET"]}}],"collection":[{"href":"https:\/\/esdeveniments.formentera.es\/es\/wp-json\/wp\/v2\/tribe_events"}],"about":[{"href":"https:\/\/esdeveniments.formentera.es\/es\/wp-json\/wp\/v2\/types\/tribe_events"}],"author":[{"embeddable":true,"href":"https:\/\/esdeveniments.formentera.es\/es\/wp-json\/wp\/v2\/users\/1"}],"replies":[{"embeddable":true,"href":"https:\/\/esdeveniments.formentera.es\/es\/wp-json\/wp\/v2\/comments?post=3695"}],"version-history":[{"count":14,"href":"https:\/\/esdeveniments.formentera.es\/es\/wp-json\/wp\/v2\/tribe_events\/3695\/revisions"}],"predecessor-version":[{"id":4158,"href":"https:\/\/esdeveniments.formentera.es\/es\/wp-json\/wp\/v2\/tribe_events\/3695\/revisions\/4158"}],"wp:featuredmedia":[{"embeddable":true,"href":"https:\/\/esdeveniments.formentera.es\/es\/wp-json\/wp\/v2\/media\/4058"}],"wp:attachment":[{"href":"https:\/\/esdeveniments.formentera.es\/es\/wp-json\/wp\/v2\/media?parent=3695"}],"wp:term":[{"taxonomy":"post_tag","embeddable":true,"href":"https:\/\/esdeveniments.formentera.es\/es\/wp-json\/wp\/v2\/tags?post=3695"},{"taxonomy":"tribe_events_cat","embeddable":true,"href":"https:\/\/esdeveniments.formentera.es\/es\/wp-json\/wp\/v2\/tribe_events_cat?post=3695"}],"curies":[{"name":"wp","href":"https:\/\/api.w.org\/{rel}","templated":true}]}}

Formentera Fotogràfica

<p><strong>Este año se celebra la 10ª edición del festival Formentera Fotogràfica del 26 al 29 de mayo 2022 en Formentera.</strong></p>
<p>Antes de proceder al pago, recuerda que debes rellenar el <strong><a href="https://www.formenterafotografica.com/es/inscripciones/">formulario de inscripción</a></strong> del organizador para indicar las diferentes actividades y talleres a los que acudirás.</p>
<p><img loading="lazy" decoding="async" class="alignnone wp-image-4061 size-large" src="https://esdeveniments.formentera.es/wp-content/uploads/2022/03/DSCF5523santialba-1024x768.jpg" alt="" width="1024" height="768" srcset="https://esdeveniments.formentera.es/wp-content/uploads/2022/03/DSCF5523santialba-1024x768.jpg 1024w, https://esdeveniments.formentera.es/wp-content/uploads/2022/03/DSCF5523santialba-300x225.jpg 300w, https://esdeveniments.formentera.es/wp-content/uploads/2022/03/DSCF5523santialba-768x576.jpg 768w, https://esdeveniments.formentera.es/wp-content/uploads/2022/03/DSCF5523santialba-1536x1152.jpg 1536w, https://esdeveniments.formentera.es/wp-content/uploads/2022/03/DSCF5523santialba-2048x1536.jpg 2048w, https://esdeveniments.formentera.es/wp-content/uploads/2022/03/DSCF5523santialba-600x450.jpg 600w" sizes="auto, (max-width: 1024px) 100vw, 1024px" /></p>
<h6><em><span style="color: #cb4545;">* El importe de la inscripción solo se devolverá en caso de fuerza mayor debidamente justificado junto con el respectivo<br />
justificante de pago. Para solicitar la devolución contactar a través del email </span><a href="mailto:turisme@formentera.es"><span style="color: #cb4545;">turisme@formentera.es</span></a></em></h6>

<p>Con sólo dos ingredientes: FOTOGRAFÍA + FORMENTERA, mézclalos bien, añade un poco de hielo y limón y podrás obtener un cóctel maravilloso esta primavera. Ven a celebrar con nosotros el décimo aniversario del Festival!</p>

<!-- This site is optimized with the Yoast SEO plugin v23.4 - https://yoast.com/wordpress/plugins/seo/ -->
<title>Formentera Fotogràfica - Formentera Events</title>
<meta name="robots" content="index, follow, max-snippet:-1, max-image-preview:large, max-video-preview:-1" />
<link rel="canonical" href="https://esdeveniments.formentera.es/es/agenda/formentera-fotografica/" />
<meta property="og:locale" content="es_ES" />
<meta property="og:type" content="article" />
<meta property="og:title" content="Formentera Fotogràfica - Formentera Events" />
<meta property="og:description" content="Con sólo dos ingredientes: FOTOGRAFÍA + FORMENTERA, mézclalos bien, añade un poco de hielo y limón y podrás obtener un cóctel maravilloso esta primavera. Ven a celebrar con nosotros el décimo aniversario del Festival!" />
<meta property="og:url" content="https://esdeveniments.formentera.es/es/agenda/formentera-fotografica/" />
<meta property="og:site_name" content="Formentera Events" />
<meta property="article:modified_time" content="2022-03-30T11:55:53+00:00" />
<meta property="og:image" content="https://esdeveniments.formentera.es/wp-content/uploads/2022/03/formenterafoto.png" />
	<meta property="og:image:width" content="500" />
	<meta property="og:image:height" content="300" />
	<meta property="og:image:type" content="image/png" />
<meta name="twitter:card" content="summary_large_image" />
<meta name="twitter:label1" content="Tiempo de lectura" />
	<meta name="twitter:data1" content="1 minuto" />
<script type="application/ld+json" class="yoast-schema-graph">{"@context":"https://schema.org","@graph":[{"@type":"WebPage","@id":"https://esdeveniments.formentera.es/es/agenda/formentera-fotografica/","url":"https://esdeveniments.formentera.es/es/agenda/formentera-fotografica/","name":"Formentera Fotogràfica - Formentera Events","isPartOf":{"@id":"https://esdeveniments.formentera.es/#website"},"primaryImageOfPage":{"@id":"https://esdeveniments.formentera.es/es/agenda/formentera-fotografica/#primaryimage"},"image":{"@id":"https://esdeveniments.formentera.es/es/agenda/formentera-fotografica/#primaryimage"},"thumbnailUrl":"https://esdeveniments.formentera.es/wp-content/uploads/2022/03/formenterafoto.png","datePublished":"2022-03-22T14:37:35+00:00","dateModified":"2022-03-30T11:55:53+00:00","breadcrumb":{"@id":"https://esdeveniments.formentera.es/es/agenda/formentera-fotografica/#breadcrumb"},"inLanguage":"es","potentialAction":[{"@type":"ReadAction","target":["https://esdeveniments.formentera.es/es/agenda/formentera-fotografica/"]}]},{"@type":"ImageObject","inLanguage":"es","@id":"https://esdeveniments.formentera.es/es/agenda/formentera-fotografica/#primaryimage","url":"https://esdeveniments.formentera.es/wp-content/uploads/2022/03/formenterafoto.png","contentUrl":"https://esdeveniments.formentera.es/wp-content/uploads/2022/03/formenterafoto.png","width":500,"height":300},{"@type":"BreadcrumbList","@id":"https://esdeveniments.formentera.es/es/agenda/formentera-fotografica/#breadcrumb","itemListElement":[{"@type":"ListItem","position":1,"name":"Portada","item":"https://esdeveniments.formentera.es/"},{"@type":"ListItem","position":2,"name":"Formentera Fotogràfica"}]},{"@type":"WebSite","@id":"https://esdeveniments.formentera.es/#website","url":"https://esdeveniments.formentera.es/","name":"Formentera Events","description":"Eventos","potentialAction":[{"@type":"SearchAction","target":{"@type":"EntryPoint","urlTemplate":"https://esdeveniments.formentera.es/?s={search_term_string}"},"query-input":{"@type":"PropertyValueSpecification","valueRequired":true,"valueName":"search_term_string"}}],"inLanguage":"es"}]}</script>
<!-- / Yoast SEO plugin. -->

Formentera Fotogràfica - Formentera Events

Con sólo dos ingredientes: FOTOGRAFÍA + FORMENTERA, mézclalos bien, añade un poco de hielo y limón y podrás obtener un cóctel maravilloso esta primavera. Ven a celebrar con nosotros el décimo aniversario del Festival!
